{"id":625,"date":"2025-04-23T16:16:48","date_gmt":"2025-04-23T19:16:48","guid":{"rendered":"https:\/\/professoragisleinesanches.com.br\/?post_type=product&#038;p=625"},"modified":"2025-12-10T10:53:31","modified_gmt":"2025-12-10T13:53:31","slug":"uno-tabuada","status":"publish","type":"product","link":"https:\/\/professoragisleinesanches.com.br\/index.php\/produto\/uno-tabuada\/","title":{"rendered":"UNO &#8211; Tabuada"},"content":{"rendered":"<blockquote data-start=\"2407\" data-end=\"2921\">\n<p class=\"\" data-start=\"2458\" data-end=\"2702\">Um jogo din\u00e2mico e super divertido para fixar as tabuadas brincando! Inspirado no cl\u00e1ssico UNO, este material traz cartas com multiplica\u00e7\u00f5es e seus respectivos resultados, al\u00e9m de cartas especiais para deixar a partida ainda mais emocionante!<\/p>\n<p class=\"\" data-start=\"2709\" data-end=\"2921\">\u2705 Cont\u00e9m mais de 190 cartas<br data-start=\"2736\" data-end=\"2739\" \/>\u2705 Trabalha as tabuadas do 2 ao 9<br data-start=\"2773\" data-end=\"2776\" \/>\u2705 Estimula o c\u00e1lculo mental, a aten\u00e7\u00e3o e a estrat\u00e9gia<br data-start=\"2831\" data-end=\"2834\" \/>\u2705 Ideal para alunos do 2\u00ba ao 5\u00ba ano<br data-start=\"2871\" data-end=\"2874\" \/>\u2705 Pronto para imprimir e jogar com a turma!<\/p>\n<\/blockquote>\n","protected":false},"excerpt":{"rendered":"<p>Um jogo din\u00e2mico e super divertido para fixar as tabuadas brincando! Inspirado no cl\u00e1ssico UNO, este material traz cartas com multiplica\u00e7\u00f5es e seus respectivos resultados, al\u00e9m de cartas especiais para deixar a partida ainda mais emocionante! \u2705 Cont\u00e9m mais de 190 cartas\u2705 Trabalha as tabuadas do 2 ao 9\u2705 Estimula o c\u00e1lculo mental, a aten\u00e7\u00e3o [&hellip;]<\/p>\n","protected":false},"featured_media":627,"comment_status":"open","ping_status":"closed","template":"","meta":[],"product_brand":[],"product_cat":[32],"product_tag":[],"class_list":{"0":"post-625","1":"product","2":"type-product","3":"status-publish","4":"has-post-thumbnail","6":"product_cat-6o-ano","8":"first","9":"instock","10":"downloadable","11":"shipping-taxable","12":"purchasable","13":"product-type-simple"},"jetpack_sharing_enabled":true,"_links":{"self":[{"href":"https:\/\/professoragisleinesanches.com.br\/index.php\/wp-json\/wp\/v2\/product\/625","targetHints":{"allow":["GET"]}}],"collection":[{"href":"https:\/\/professoragisleinesanches.com.br\/index.php\/wp-json\/wp\/v2\/product"}],"about":[{"href":"https:\/\/professoragisleinesanches.com.br\/index.php\/wp-json\/wp\/v2\/types\/product"}],"replies":[{"embeddable":true,"href":"https:\/\/professoragisleinesanches.com.br\/index.php\/wp-json\/wp\/v2\/comments?post=625"}],"wp:featuredmedia":[{"embeddable":true,"href":"https:\/\/professoragisleinesanches.com.br\/index.php\/wp-json\/wp\/v2\/media\/627"}],"wp:attachment":[{"href":"https:\/\/professoragisleinesanches.com.br\/index.php\/wp-json\/wp\/v2\/media?parent=625"}],"wp:term":[{"taxonomy":"product_brand","embeddable":true,"href":"https:\/\/professoragisleinesanches.com.br\/index.php\/wp-json\/wp\/v2\/product_brand?post=625"},{"taxonomy":"product_cat","embeddable":true,"href":"https:\/\/professoragisleinesanches.com.br\/index.php\/wp-json\/wp\/v2\/product_cat?post=625"},{"taxonomy":"product_tag","embeddable":true,"href":"https:\/\/professoragisleinesanches.com.br\/index.php\/wp-json\/wp\/v2\/product_tag?post=625"}],"curies":[{"name":"wp","href":"https:\/\/api.w.org\/{rel}","templated":true}]}}