{"id":1125,"date":"2025-07-25T11:33:10","date_gmt":"2025-07-25T14:33:10","guid":{"rendered":"https:\/\/professoragisleinesanches.com.br\/?post_type=product&#038;p=1125"},"modified":"2025-12-10T10:53:09","modified_gmt":"2025-12-10T13:53:09","slug":"batalha-racional-fracoes-em-ordem","status":"publish","type":"product","link":"https:\/\/professoragisleinesanches.com.br\/index.php\/produto\/batalha-racional-fracoes-em-ordem\/","title":{"rendered":"Batalha Racional \u2013 Fra\u00e7\u00f5es em ordem"},"content":{"rendered":"<p data-start=\"214\" data-end=\"346\">Transforme a compara\u00e7\u00e3o de fra\u00e7\u00f5es em uma experi\u00eancia divertida, acess\u00edvel e altamente engajadora com este jogo pedag\u00f3gico completo!<\/p>\n<p data-start=\"348\" data-end=\"552\">O <strong data-start=\"350\" data-end=\"389\">Batalha Racional \u2013 Fra\u00e7\u00f5es em Ordem<\/strong> inclui <strong data-start=\"397\" data-end=\"410\">24 cartas<\/strong> que desafiam os alunos a organizarem fra\u00e7\u00f5es em ordem crescente, desenvolvendo racioc\u00ednio l\u00f3gico, flu\u00eancia num\u00e9rica e pensamento estrat\u00e9gico.<\/p>\n<p data-start=\"554\" data-end=\"669\">\ud83c\udfaf <strong data-start=\"557\" data-end=\"577\">E o diferencial?<\/strong> Duas vers\u00f5es adaptadas que garantem acessibilidade e aprendizagem significativa para todos:<\/p>\n<p data-start=\"671\" data-end=\"1037\">\u2714\ufe0f <strong data-start=\"674\" data-end=\"702\">Vers\u00e3o 1 (com 10 cartas)<\/strong>: Fra\u00e7\u00f5es representadas com <strong data-start=\"730\" data-end=\"753\">ilustra\u00e7\u00f5es visuais<\/strong> e a fra\u00e7\u00e3o escrita abaixo, facilitando a compreens\u00e3o de alunos com maior dificuldade de abstra\u00e7\u00e3o.<br data-start=\"852\" data-end=\"855\" \/>\u2714\ufe0f <strong data-start=\"858\" data-end=\"897\">Vers\u00e3o 2 (com denominadores iguais)<\/strong>: Fra\u00e7\u00f5es com denominador <strong data-start=\"923\" data-end=\"929\">12<\/strong>, como 1\/12, 2\/12, 3\/12&#8230; Ideal para refor\u00e7ar a compara\u00e7\u00e3o em n\u00edveis mais simples e promover inclus\u00e3o real.<\/p>\n<p data-start=\"1039\" data-end=\"1159\">\ud83d\udda8\ufe0f O material pronto para imprimir e usar por muitos anos!<\/p>\n","protected":false},"excerpt":{"rendered":"<p>Transforme a compara\u00e7\u00e3o de fra\u00e7\u00f5es em uma experi\u00eancia divertida, acess\u00edvel e altamente engajadora com este jogo pedag\u00f3gico completo! O Batalha Racional \u2013 Fra\u00e7\u00f5es em Ordem inclui 24 cartas que desafiam os alunos a organizarem fra\u00e7\u00f5es em ordem crescente, desenvolvendo racioc\u00ednio l\u00f3gico, flu\u00eancia num\u00e9rica e pensamento estrat\u00e9gico. \ud83c\udfaf E o diferencial? Duas vers\u00f5es adaptadas que garantem [&hellip;]<\/p>\n","protected":false},"featured_media":1127,"comment_status":"open","ping_status":"closed","template":"","meta":[],"product_brand":[],"product_cat":[101,65],"product_tag":[],"class_list":{"0":"post-1125","1":"product","2":"type-product","3":"status-publish","4":"has-post-thumbnail","6":"product_cat-7o-ano","7":"product_cat-adaptacao-curricular","9":"first","10":"instock","11":"downloadable","12":"shipping-taxable","13":"purchasable","14":"product-type-simple"},"jetpack_sharing_enabled":true,"_links":{"self":[{"href":"https:\/\/professoragisleinesanches.com.br\/index.php\/wp-json\/wp\/v2\/product\/1125","targetHints":{"allow":["GET"]}}],"collection":[{"href":"https:\/\/professoragisleinesanches.com.br\/index.php\/wp-json\/wp\/v2\/product"}],"about":[{"href":"https:\/\/professoragisleinesanches.com.br\/index.php\/wp-json\/wp\/v2\/types\/product"}],"replies":[{"embeddable":true,"href":"https:\/\/professoragisleinesanches.com.br\/index.php\/wp-json\/wp\/v2\/comments?post=1125"}],"wp:featuredmedia":[{"embeddable":true,"href":"https:\/\/professoragisleinesanches.com.br\/index.php\/wp-json\/wp\/v2\/media\/1127"}],"wp:attachment":[{"href":"https:\/\/professoragisleinesanches.com.br\/index.php\/wp-json\/wp\/v2\/media?parent=1125"}],"wp:term":[{"taxonomy":"product_brand","embeddable":true,"href":"https:\/\/professoragisleinesanches.com.br\/index.php\/wp-json\/wp\/v2\/product_brand?post=1125"},{"taxonomy":"product_cat","embeddable":true,"href":"https:\/\/professoragisleinesanches.com.br\/index.php\/wp-json\/wp\/v2\/product_cat?post=1125"},{"taxonomy":"product_tag","embeddable":true,"href":"https:\/\/professoragisleinesanches.com.br\/index.php\/wp-json\/wp\/v2\/product_tag?post=1125"}],"curies":[{"name":"wp","href":"https:\/\/api.w.org\/{rel}","templated":true}]}}