{"id":1073,"date":"2025-07-21T14:54:51","date_gmt":"2025-07-21T17:54:51","guid":{"rendered":"https:\/\/professoragisleinesanches.com.br\/?post_type=product&#038;p=1073"},"modified":"2025-12-10T10:53:12","modified_gmt":"2025-12-10T13:53:12","slug":"pacotao-fato-ou-fake-operacoes-com-decimais-e-porcentagem","status":"publish","type":"product","link":"https:\/\/professoragisleinesanches.com.br\/index.php\/produto\/pacotao-fato-ou-fake-operacoes-com-decimais-e-porcentagem\/","title":{"rendered":"Pacot\u00e3o Fato ou Fake \u2013 Opera\u00e7\u00f5es com Decimais e Porcentagem"},"content":{"rendered":"<p data-start=\"228\" data-end=\"296\"><strong data-start=\"228\" data-end=\"296\">Domine conte\u00fados essenciais com an\u00e1lise, reflex\u00e3o e engajamento!<\/strong><\/p>\n<p data-start=\"298\" data-end=\"653\">Se seus alunos t\u00eam dificuldade com opera\u00e7\u00f5es com decimais e porcentagem, este pacot\u00e3o \u00e9 a solu\u00e7\u00e3o ideal para tornar o aprendizado mais leve, envolvente e significativo.<br data-start=\"466\" data-end=\"469\" \/>Com atividades no formato <strong data-start=\"495\" data-end=\"511\">Fato ou Fake<\/strong>, os estudantes aprendem a refletir, argumentar e justificar suas respostas \u2014 desenvolvendo pensamento cr\u00edtico enquanto praticam os conte\u00fados.<\/p>\n","protected":false},"excerpt":{"rendered":"<p>Domine conte\u00fados essenciais com an\u00e1lise, reflex\u00e3o e engajamento! Se seus alunos t\u00eam dificuldade com opera\u00e7\u00f5es com decimais e porcentagem, este pacot\u00e3o \u00e9 a solu\u00e7\u00e3o ideal para tornar o aprendizado mais leve, envolvente e significativo.Com atividades no formato Fato ou Fake, os estudantes aprendem a refletir, argumentar e justificar suas respostas \u2014 desenvolvendo pensamento cr\u00edtico enquanto [&hellip;]<\/p>\n","protected":false},"featured_media":1076,"comment_status":"open","ping_status":"closed","template":"","meta":[],"product_brand":[],"product_cat":[102],"product_tag":[],"class_list":{"0":"post-1073","1":"product","2":"type-product","3":"status-publish","4":"has-post-thumbnail","6":"product_cat-pacotoes-matematicos","8":"first","9":"instock","10":"sale","11":"downloadable","12":"shipping-taxable","13":"purchasable","14":"product-type-simple"},"jetpack_sharing_enabled":true,"_links":{"self":[{"href":"https:\/\/professoragisleinesanches.com.br\/index.php\/wp-json\/wp\/v2\/product\/1073","targetHints":{"allow":["GET"]}}],"collection":[{"href":"https:\/\/professoragisleinesanches.com.br\/index.php\/wp-json\/wp\/v2\/product"}],"about":[{"href":"https:\/\/professoragisleinesanches.com.br\/index.php\/wp-json\/wp\/v2\/types\/product"}],"replies":[{"embeddable":true,"href":"https:\/\/professoragisleinesanches.com.br\/index.php\/wp-json\/wp\/v2\/comments?post=1073"}],"wp:featuredmedia":[{"embeddable":true,"href":"https:\/\/professoragisleinesanches.com.br\/index.php\/wp-json\/wp\/v2\/media\/1076"}],"wp:attachment":[{"href":"https:\/\/professoragisleinesanches.com.br\/index.php\/wp-json\/wp\/v2\/media?parent=1073"}],"wp:term":[{"taxonomy":"product_brand","embeddable":true,"href":"https:\/\/professoragisleinesanches.com.br\/index.php\/wp-json\/wp\/v2\/product_brand?post=1073"},{"taxonomy":"product_cat","embeddable":true,"href":"https:\/\/professoragisleinesanches.com.br\/index.php\/wp-json\/wp\/v2\/product_cat?post=1073"},{"taxonomy":"product_tag","embeddable":true,"href":"https:\/\/professoragisleinesanches.com.br\/index.php\/wp-json\/wp\/v2\/product_tag?post=1073"}],"curies":[{"name":"wp","href":"https:\/\/api.w.org\/{rel}","templated":true}]}}